{"id":286,"date":"2024-11-12T15:20:44","date_gmt":"2024-11-12T15:20:44","guid":{"rendered":"http:\/\/193.194.89.193\/wp_lvrgt\/?page_id=286"},"modified":"2024-11-12T15:32:15","modified_gmt":"2024-11-12T15:32:15","slug":"seminaires-nationaux","status":"publish","type":"page","link":"https:\/\/lvrgt.usthb.dz\/index.php\/seminaires-nationaux\/","title":{"rendered":"S\u00e9minaires Nationaux"},"content":{"rendered":"\n<p>1- ZIANE Mahfoud : Membre du comit\u00e9 Scientifique : S\u00e9minaire National sur la G\u00e9omatique et Domaines d\u2019Application (SNGDA) laboratoire de g\u00e9omorphologie et g\u00e9o risques USTHB ; 2021<\/p>\n\n\n\n<p>2- IKHLEFHOUM Karim : Membre du Comit\u00e9 d&#8217;organisation: Premi\u00e8re \u00e9dition du s\u00e9minaire et salon nationaux de la climatologie (SSNC). USTHB ; 2021.<\/p>\n\n\n\n<p>3- ZIANE Mahfoud ; Membre de comit\u00e9s scientifiques du S\u00e9minaire National sur la G\u00e9omatique et Domaines d\u2019Application (SNGDA). Facult\u00e9 des sciences de la terre, de la g\u00e9ographie et de l\u2019am\u00e9nagement du territoire et le laboratoire de g\u00e9omorphologie et g\u00e9o risques, du 15 au 17 juillet 2023. USTHB..<\/p>\n","protected":false},"excerpt":{"rendered":"<p>1- ZIANE Mahfoud : Membre du comit\u00e9 Scientifique : S\u00e9minaire National sur la G\u00e9omatique et Domaines d\u2019Application (SNGDA) laboratoire de g\u00e9omorphologie et g\u00e9o risques USTHB ; 2021 2- IKHLEFHOUM Karim : Membre du Comit\u00e9 d&#8217;organisation: Premi\u00e8re \u00e9dition du s\u00e9minaire et <span class=\"readmore\"><a href=\"https:\/\/lvrgt.usthb.dz\/index.php\/seminaires-nationaux\/\">Continue Reading<\/a><\/span><\/p>\n","protected":false},"author":1,"featured_media":0,"parent":0,"menu_order":0,"comment_status":"closed","ping_status":"closed","template":"","meta":{"footnotes":""},"class_list":["post-286","page","type-page","status-publish","hentry"],"_links":{"self":[{"href":"https:\/\/lvrgt.usthb.dz\/index.php\/wp-json\/wp\/v2\/pages\/286","targetHints":{"allow":["GET"]}}],"collection":[{"href":"https:\/\/lvrgt.usthb.dz\/index.php\/wp-json\/wp\/v2\/pages"}],"about":[{"href":"https:\/\/lvrgt.usthb.dz\/index.php\/wp-json\/wp\/v2\/types\/page"}],"author":[{"embeddable":true,"href":"https:\/\/lvrgt.usthb.dz\/index.php\/wp-json\/wp\/v2\/users\/1"}],"replies":[{"embeddable":true,"href":"https:\/\/lvrgt.usthb.dz\/index.php\/wp-json\/wp\/v2\/comments?post=286"}],"version-history":[{"count":2,"href":"https:\/\/lvrgt.usthb.dz\/index.php\/wp-json\/wp\/v2\/pages\/286\/revisions"}],"predecessor-version":[{"id":293,"href":"https:\/\/lvrgt.usthb.dz\/index.php\/wp-json\/wp\/v2\/pages\/286\/revisions\/293"}],"wp:attachment":[{"href":"https:\/\/lvrgt.usthb.dz\/index.php\/wp-json\/wp\/v2\/media?parent=286"}],"curies":[{"name":"wp","href":"https:\/\/api.w.org\/{rel}","templated":true}]}}